{"id":6107,"date":"2025-02-17T18:23:42","date_gmt":"2025-02-17T18:23:42","guid":{"rendered":"https:\/\/vetogaming.pl\/?page_id=6107"},"modified":"2025-12-18T02:26:54","modified_gmt":"2025-12-18T02:26:54","slug":"vetorianie-premium","status":"publish","type":"page","link":"https:\/\/vetogaming.pl\/?page_id=6107","title":{"rendered":"VETORIANIE PREMIUM"},"content":{"rendered":"\n\n\t\t\t\t<img decoding=\"async\" src=\"https:\/\/vetogaming.pl\/wp-content\/uploads\/2025\/02\/VETORIANIEPREMIUM.png\" alt=\"VETORIANIEPREMIUM\" itemprop=\"image\" height=\"251\" width=\"946\" title=\"VETORIANIEPREMIUM\" onerror=\"this.style.display='none'\" loading=\"lazy\" \/>\n\t<p>Do\u0142\u0105cz do grona wspieraj\u0105cych i pom\u00f3\u017c nam rozwija\u0107 serwer.<\/p>\n<p>Boostuj\u0105c serwer VETOGAMING, otrzymasz:<\/p>\n\ufe19Unikalne wyr\u00f3\u017cnienie &#8211; r\u00f3\u017cowy diament przy nicku<br \/>\nPresti\u017cow\u0105 rang\u0119 &#8211; VETORIANIN PREMIUM<br \/>\n\ufe19Dodatkowe korzy\u015bci &#8211; co miesi\u0105c 800 vpoints, doliczane do g\u0142\u00f3wnej tabeli rankingowej V- POINTS<br \/>\n\ufe19Wyr\u00f3\u017cnienie w graficznej tabeli booster\u00f3w w rozkazie oraz na tym kanale<br \/>\n\ufe19Mo\u017cliwo\u015b\u0107 u\u017cywania soundbar\u00f3w serwera VETO na kana\u0142ach voice.<br \/>\n\ufe193x LEVEL XP w ka\u017cdy weekend na kana\u0142ach g\u0142osowych<br \/>\n\ufe19Mo\u017cliwo\u015b\u0107 przypinania wiadomo\u015bci na czatach TXT<br \/>\n\ufe19Priorytetowy rozm\u00f3wca na kana\u0142ach g\u0142osowych<br \/>\n\ufe19Mo\u017cliwo\u015b\u0107 Tworzenia Ankiet na kana\u0142ach tekstowych.<br \/>\n\ufe19Mo\u017cliwo\u015b\u0107 zmiany opisu kana\u0142u g\u0142osowego.<br \/>\n\ufe19U\u017cywanie zewn\u0119trznych emotek oraz naklejek<br \/>\n\ufe19U\u017cywanie zewn\u0119trznych aplikacji<br \/>\n\ufe19Tworzenie prywatnych w\u0105tk\u00f3w\n<p>Twoje wsparcie pozwala nam ulepsza\u0107 serwer i tworzy\u0107 jeszcze lepsze miejsce dla wszystkich VETORIAN.<\/p>\nJak boostowa\u0107?<br \/>\nKa\u017cdy posiadacz profilu NITRO posiada 2 boosty do wykorzystania na serwer.<br \/>\nKliknij w pasek poziomu u g\u00f3ry Discorda i ulepsz serwer jednym klikni\u0119ciem!<br \/>\nDzi\u0119kujemy za ka\u017cdy boost &#8211; to dzi\u0119ki Wam nasz serwer posiada wi\u0119cej mo\u017cliwo\u015bci.\n\t\t\t\t<a href=\"https:\/\/vetogaming.pl\/wp-content\/uploads\/2025\/12\/V-BOOSTERZY.gif\"  target=\"_self\" itemprop=\"url\">\n\t\t\t\t<img decoding=\"async\" src=\"https:\/\/vetogaming.pl\/wp-content\/uploads\/2025\/12\/V-BOOSTERZY.gif\" alt=\"V-BOOSTERZY\" itemprop=\"image\" height=\"338\" width=\"600\" title=\"V-BOOSTERZY\" onerror=\"this.style.display='none'\" loading=\"lazy\" \/>\n\t\t\t\t<\/a>\n\n","protected":false},"excerpt":{"rendered":"<p>Do\u0142\u0105cz do grona wspieraj\u0105cych i pom\u00f3\u017c nam rozwija\u0107 serwer. Boostuj\u0105c serwer VETOGAMING, otrzymasz: \ufe19Unikalne wyr\u00f3\u017cnienie &#8211; r\u00f3\u017cowy diament<\/p>\n","protected":false},"author":17,"featured_media":0,"parent":0,"menu_order":0,"comment_status":"closed","ping_status":"closed","template":"","meta":{"footnotes":""},"class_list":["post-6107","page","type-page","status-publish","hentry"],"_links":{"self":[{"href":"https:\/\/vetogaming.pl\/index.php?rest_route=\/wp\/v2\/pages\/6107","targetHints":{"allow":["GET"]}}],"collection":[{"href":"https:\/\/vetogaming.pl\/index.php?rest_route=\/wp\/v2\/pages"}],"about":[{"href":"https:\/\/vetogaming.pl\/index.php?rest_route=\/wp\/v2\/types\/page"}],"author":[{"embeddable":true,"href":"https:\/\/vetogaming.pl\/index.php?rest_route=\/wp\/v2\/users\/17"}],"replies":[{"embeddable":true,"href":"https:\/\/vetogaming.pl\/index.php?rest_route=%2Fwp%2Fv2%2Fcomments&post=6107"}],"version-history":[{"count":9,"href":"https:\/\/vetogaming.pl\/index.php?rest_route=\/wp\/v2\/pages\/6107\/revisions"}],"predecessor-version":[{"id":6777,"href":"https:\/\/vetogaming.pl\/index.php?rest_route=\/wp\/v2\/pages\/6107\/revisions\/6777"}],"wp:attachment":[{"href":"https:\/\/vetogaming.pl\/index.php?rest_route=%2Fwp%2Fv2%2Fmedia&parent=6107"}],"curies":[{"name":"wp","href":"https:\/\/api.w.org\/{rel}","templated":true}]}}